2
In base 6, what is -5 + 334203?
334154
In base 9, what is 2307034 - -5?
2307040
In base 15, what is 37ae0 + 3?
37ae3
In base 5, what is -1210 - -413?
-242
In base 2, what is 101011011011 + -110000?
101010101011
In base 4, what is -10 + -3320121?
-3320131
In base 16, what is -6 + 1fd0?
1fca
In base 10, what is -13 - -22741?
22728
In base 11, what is -10 + 975a8?
97598
In base 14, what is -3 + -b05?
-b08
In base 13, what is -499 + 430?
-69
In base 3, what is 21111002201210 - 0?
21111002201210
In base 15, what is -5 + -22b31?
-22b36
In base 6, what is 131213 - 12?
131201
In base 12, what is -105 - -2a85?
2980
In base 14, what is -23cac - 9?
-23cb7
In base 13, what is 52 + 1b4a?
1b9c
In base 4, what is 3033131202 + 0?
3033131202
In base 15, what is -13c + 15?
-127
In base 12, what is -1 + 9392?
9391
In base 11, what is -9 + 6a70?
6a62
In base 12, what is 136bb - 5?
136b6
In base 10, what is 5 - -1033382?
1033387
In base 2, what is 1100 - 11101101011?
-11101011111
In base 15, what is 4 + -7ac9?
-7ac5
In base 16, what is 186e - -220?
1a8e
In base 8, what is -1 - -450777?
450776
In base 9, what is 470 - -55?
535
In base 12, what is -31728 + -3?
-3172b
In base 16, what is f5 + 6b4?
7a9
In base 5, what is -3 - 43030?
-43033
In base 14, what is -a - 1a686?
-1a692
In base 9, what is 14623 + -14?
14608
In base 4, what is -3123301 + 0?
-3123301
In base 4, what is 133 + -32230?
-32031
In base 3, what is -11 - -21111101101?
21111101020
In base 12, what is -b4 - 72b?
-823
In base 7, what is 250502 + 2?
250504
In base 13, what is 12849 - -1?
1284a
In base 2, what is -10001 - -100011101010101?
100011101000100
In base 15, what is 2eb5 + -2?
2eb3
In base 15, what is -9 - 1416?
-1420
In base 6, what is 45 - 313452?
-313403
In base 2, what is 10 + -11000001110101101?
-11000001110101011
In base 3, what is -101 + -21100021?
-21100122
In base 12, what is -123 + -100?
-223
In base 6, what is -1 - -1455000?
1454555
In base 13, what is 38b79 + 37?
38bb3
In base 10, what is 2015 + -5?
2010
In base 2, what is -10111101000011 + 101?
-10111100111110
In base 3, what is -11110 - 102222202?
-110011012
In base 5, what is 2 - -3010103?
3010110
In base 10, what is 37700 - 0?
37700
In base 4, what is -10021 - 32?
-10113
In base 12, what is -3009b8 + -5?
-300a01
In base 6, what is -3 - 1025324?
-1025331
In base 10, what is -5 - 3818?
-3823
In base 7, what is -12 + 1220620?
1220605
In base 6, what is 4145522 + 11?
4145533
In base 6, what is -4 - 554002?
-554010
In base 10, what is -665 + 103?
-562
In base 13, what is 505 + -114?
3c1
In base 15, what is cb5 + 45?
d0a
In base 13, what is 17527 - 1?
17526
In base 12, what is -11 + 584?
573
In base 14, what is -d9b - 24?
-dc1
In base 16, what is 2 - -2b324?
2b326
In base 15, what is dd953 - -3?
dd956
In base 13, what is -5711 + 13?
-56cb
In base 16, what is -3 - 6ed56?
-6ed59
In base 8, what is 412 + -2210?
-1576
In base 12, what is -8888 - -1?
-8887
In base 6, what is -12524 - -243?
-12241
In base 15, what is -2206a - -4?
-22066
In base 15, what is 222 + 290?
4b2
In base 10, what is 5 + -50998?
-50993
In base 6, what is 1 - -442234?
442235
In base 5, what is -300 - -12144?
11344
In base 12, what is -92 - 1119?
-11ab
In base 10, what is -140 + -82?
-222
In base 6, what is -400 - 2?
-402
In base 10, what is -331197 + 3?
-331194
In base 4, what is 1333211 - 1021?
1332130
In base 3, what is -2 - 12101002221?
-12101010000
In base 2, what is -11010010000001 + 111?
-11010001111010
In base 16, what is -84e - -347?
-507
In base 8, what is -600430 - 5?
-600435
In base 16, what is 8f - -1ad?
23c
In base 15, what is -1740 - -1b?
-1724
In base 16, what is -d5 - 9d?
-172
In base 4, what is 302221301 + 10?
302221311
In base 8, what is -252 + -661?
-1133
In base 9, what is 2 - 108515?
-108513
In base 5, what is -4 - -1233212?
1233203
In base 11, what is -a89 + -28?
-1006
In base 9, what is -46841 + 26?
-46814
In base 4, what is 2113 - -231?
3010
In base 10, what is 37496 - 0?
37496
In base 2, what is -101000111110010000001 + -11?
-101000111110010000100
In base 7, what is 1432005 + -2?
1432003
In base 4, what is -10 - 232012102?
-232012112
In base 8, what is 4 - 374564?
-374560
In base 4, what is 100323 - -2232?
103221
In base 16, what is -28c + -2?
-28e
In base 16, what is 1753b - 23?
17518
In base 16, what is 6f6 - 132?
5c4
In base 8, what is 51134 + -4?
51130
In base 6, what is 23333 - -11?
23344
In base 8, what is -6164 - 13?
-6177
In base 15, what is 4 + 794c1?
794c5
In base 10, what is 224 + 220?
444
In base 12, what is -15b721 + 4?
-15b719
In base 4, what is -10120303 - 22?
-10120331
In base 16, what is 44f032 - -3?
44f035
In base 4, what is 130 - 2123?
-1333
In base 7, what is -30644 + 13?
-30631
In base 11, what is 0 + 21a43?
21a43
In base 13, what is -1169 + -205?
-1371
In base 8, what is -4 + -342426?
-342432
In base 6, what is 240342 + 12?
240354
In base 7, what is -1466522 + 4?
-1466515
In base 6, what is -244 + -523?
-1211
In base 9, what is 28 + -256826?
-256787
In base 13, what is 1 + -3bc48?
-3bc47
In base 4, what is -23033300 + 10?
-23033230
In base 9, what is 2 + 86541?
86543
In base 12, what is -4608 - -83?
-4545
In base 8, what is 5 + 56751?
56756
In base 9, what is 773 + -1726?
-843
In base 12, what is 9 - 15752?
-15745
In base 13, what is 5ac2 - -3?
5ac5
In base 3, what is -1 + -1112012102?
-1112012110
In base 9, what is 12114 + -3?
12111
In base 8, what is 112 + -22606?
-22474
In base 8, what is -22651 + 40?
-22611
In base 16, what is 3ba - -2d1?
68b
In base 7, what is -5214164 - -1?
-5214163
In base 10, what is -19894 + 13?
-19881
In base 13, what is -11485 - 0?
-11485
In base 4, what is -10 - 3200312?
-3200322
In base 6, what is -253050 + -10?
-253100
In base 7, what is -464326 - 5?
-464334
In base 13, what is 2 + -289?
-287
In base 5, what is 3 - 122300011?
-122300003
In base 7, what is 415563 + 0?
415563
In base 6, what is -4124 + 410?
-3314
In base 3, what is -12110 + -2122?
-22002
In base 14, what is -53 - -40a?
397
In base 7, what is 145111 + 102?
145213
In base 11, what is -1 - 45386?
-45387
In base 13, what is -67234 - -1?
-67233
In base 16, what is -6 - 1e92?
-1e98
In base 13, what is -3c - 75?
-b4
In base 3, what is 11000 + -110201100?
-110120100
In base 5, what is 10 - -14403242?
14403302
In base 7, what is 246 - 40015?
-36436
In base 7, what is 22 + 41216?
41241
In base 15, what is 1211d + 1?
1211e
In base 16, what is -d60e + -1?
-d60f
In base 5, what is -1232 - 422?
-2204
In base 8, what is -173567 + -15?
-173604
In base 4, what is 10 - 133223011?
-133223001
In base 11, what is -3a2 + 580?
189
In base 5, what is 10 - -2024141?
2024201
In base 2, what is 101110010000010001001 + -100?
101110010000010000101
In base 7, what is -2 + -1131?
-1133
In base 11, what is -a - 4aa?
-509
In base 5, what is -3 + 1110024?
1110021
In base 9, what is 106 + 557?
664
In base 14, what is 3 + 1a122?
1a125
In base 9, what is 11416 - -14?
11431
In base 13, what is 3 - -12a079?
12a07c
In base 13, what is -134a + -ba?
-1437
In base 6, what is 5 - 121415?
-121410
In base 11, what is -8 + 547661?
547654
In base 5, what is -22 + 20214120?
20214043
In base 9, what is 31 - -23478?
23520
In base 11, what is -4 + 38825?
38821
In base 13, what is -9a376 + -2?
-9a378
In base 3, what is -2 + -1212202102101?
-1212202102110
In base 13, what is c1c + 3?
c22
In base 9, what is -1 - 648205?
-648206
In base 4, what is 20 + 320133000?
320133020
In base 13, what is -8 + 20a60?
20a55
In base 4, what is -211 + 1330?
1113
In base 15, what is -2a31 - -13?
-2a1d
In base 15, what is d4cb + 10?
d4db
In base 5, what is 4240 + 22333?
32123
In base 2, what is 10 + 100011100001101?
100011100001111
In base 6, what is 235 + 122552?
123231
In base 7, what is 6 + -334650?
-334641
In base 10, what is -633 + -27?
-660
In base 16, what is 4 + -2e52?
-2e4e
In base 13, what is 576 - -9?
582
In base 5, what is 101 - -14124?
14230
In base 13, what is 1 + -372b?
-372a
In base 13, what is -4 - -4110?
4109
In base 2, what is -10011111011101 - -101100?
-10011110110001
In base 16, what is 606a - -7?
6071
In base 12, what is 103 + 1284?
1387
In base 7, what is -5 + -13044623?
-13044631
In base 2, what is -110 + 10110011100100?
10110011011110
In base 7, what is 1 - 322602?
-32260